13*f - 10 = 0. Suppose -f + 42 = 5*m. Calculate the greatest common factor of m and 24.
8
Let p be (-363)/(-30) - 2/20. What is the highest common factor of 138 and p?
6
Let i be 45/(-2)*324/(-405). Calculate the highest common divisor of 114 and i.
6
Suppose -27*q + 2112 = 3*a - 24*q, 4*a = q + 2796. Calculate the greatest common divisor of 2975 and a.
175
Let x(b) = 4*b - 4. Let p(i) = -3*i - 7. Let m be p(-3). Let l be x(m). Let y be 10/l*(78/15 - 4). Calculate the greatest common divisor of y and 15.
3
Suppose 19 = -2*k + v - 4*v, 3*k - v = -45. Let a be (-2)/(-7) + ((-640)/k - -11). Suppose 4*r - 3*r = 38. What is the greatest common divisor of r and a?
19
Let c be 2898/81 + (-4)/(-18). Let z(s) = -s + 205. Let n be z(43). What is the highest common divisor of n and c?
18
Suppose i + 29 = 4. Let a = 32 + i. Suppose -29 - 6 = -a*l. Calculate the highest common divisor of l and 95.
5
Suppose -158*v + 152*v = 564. Let a = v - -114. Suppose 0 = 2*w - p - 242, -5*p = 4*w - 268 - 202. What is the greatest common divisor of a and w?
20
Let d(g) = -4057*g**3 + 35*g**2 + 35*g - 1. Let f be d(-1). What is the greatest common divisor of 182 and f?
26
Let b be -1*(-2 - (-4 - -8)). Suppose b*z - 6 = 4*z. Let r be z/((8/(-78))/(-4)). Calculate the highest common divisor of 13 and r.
13
Suppose 2*k - 5*p - 427 = -124, -3*k - p = -497. Suppose -18*t + 524 = -214. What is the highest common divisor of t and k?
41
Let x(y) = 38*y**3 - y**2 + y. Let t be x(1). Let k = t - 14. Calculate the highest common divisor of 128 and k.
8
Let g = 18148 - 17845. Calculate the greatest common divisor of g and 15.
3
Let j be (-22)/(-165) - (-58)/15. Suppose b - 17 = -m - m, j*m = 3*b - 11. Calculate the highest common factor of 9 and b.
9
Let k be -24 + -1*(0 - -2). Let i(h) = -h**2 + 38*h - 329. Let n be i(19). Let f = n + k. Calculate the highest common factor of f and 24.
6
Let f be (-4 - 7)/(-2 + 1). Suppose 0 = -f*k - 15*k + 1014. What is the greatest common factor of 143 and k?
13
Let j(c) = c**3 - 2*c**2 - c + 3. Let g be j(3). Let q(o) = -224*o + 2843. Let i be q(10). What is the highest common divisor of g and i?
9
Suppose 5*a = 4*n - 12 + 40, 0 = 2*n + 3*a + 36. Let w = n + 48. What is the highest common divisor of w and 180?
36
Suppose 3*v = 2*v + 3. Suppose 4*z = b + 297, -v = -4*z + 5*b + 298. Let p(c) = -20*c - 15. Let t be p(-10). Calculate the greatest common divisor of z and t.
37
Let x(d) = d**3 + 7*d**2 - 5*d + 5. Let b(m) = m - 6. Let k be b(-1). Let g be x(k). What is the highest common divisor of 110 and g?
10
Let o(k) = -k**2 + 36*k + 363. Let t be o(44). Let b(g) = g**2 - 7*g + 3. Let y be b(7). Suppose 0*i = -y*i + 33. What is the greatest common factor of i and t?
11
Let a = 289 + -172. Suppose 88*d - g = 85*d + 36, -5*g + 15 = 0. What is the highest common divisor of a and d?
13
Suppose -6*p + 2*z + 3008 = -p, -z = p - 596. Let i(o) = -32*o - 974. Let v be i(-32). What is the greatest common divisor of v and p?
50
Suppose 124 - 34 = 5*l. Suppose 20*c - l - 62 = 0. What is the greatest common factor of 68 and c?
4
Suppose -s = -2*f + 1397, -f + 3*f = 2*s + 1402. Suppose 3*j - f = -5*j. Let y be 2/12 - j/(-18). What is the greatest common divisor of y and 5?
5
Let a be ((-428)/(-8) - 2)*6. Let o = a + 6. Suppose -y + 230 = 5*p, 3*p = -5*y + 4*y + 140. What is the highest common factor of p and o?
45
Suppose -4*v + 6 = s - 0, 0 = -5*s - 5*v. Let g be (s + (-15)/(-5))*0. Suppose 8*q - 650 - 246 = g. What is the greatest common factor of q and 14?
14
Let w = 139 + -337. Let l = -197 - w. What is the greatest common divisor of l and 7?
1
Let i(l) = -l**3 + 6*l**2 + 8*l - 3. Let m be 0 - -4 - (-3 - -1). Let x be i(m). Let d be 450 - 0*2/10. What is the highest common divisor of x and d?
45
Let w(s) = -s - 9. Let k be w(4). Let v(m) = -m**2 - 21*m + 17. Let f be v(k). Let b = f - 72. What is the greatest common factor of 7 and b?
7
Let t be ((-60)/(-14))/((-2)/(-14)). Let s(a) = -1689*a - 18474. Let k be s(-11). What is the highest common factor of t and k?
15
Let y(b) = 2*b**3 + 26*b**2 + 50*b - 94. Let p be y(-10). What is the highest common divisor of 1174 and p?
2
Let i = 17 + -15. Suppose i*h - 12 = 6. Let r be (9/(-3))/((-24)/72). What is the greatest common divisor of r and h?
9
Suppose -4*s + 5 = 21. Let f be s - (-4 - -3) - 1*-47. Let o(j) = j**3 - j**2 + 2*j + 22. Let a be o(0). Calculate the highest common divisor of f and a.
22
Suppose 20*v = 990 + 18390. Let u be v/6 - (-8)/16. Calculate the highest common divisor of u and 45.
9
Let u = -1523 - -1548. Let n(t) = 29*t - 15. Let p be n(10). Calculate the greatest common divisor of p and u.
25
Suppose 6173 = 3*t + z - 5834, 4*t + z = 16009. Calculate the highest common factor of 870 and t.
174
Suppose p + 1572 = 5*p + 4*r, -r = 3*p - 1175. Suppose -3*c - 76 + p = 0. Calculate the greatest common factor of c and 60.
15
Let n(q) = q**3 + 4*q**2 - 3*q + 11. Let f be n(-5). Let l be 6 - 6 - f*-125. What is the highest common factor of 25 and l?
25
Let q = 146 - 88. Let s = q + -39. Suppose s + 17 = 9*a. What is the greatest common factor of a and 32?
4
Suppose 48*m + 111896 = 540632. Calculate the highest common factor of 1232 and m.
308
Let f be 4/5*5/2. Suppose f*o + 4*r = 6, -o = -3*o + 3*r + 6. Suppose c - 46 = -b - 7, -o*c + b = -137. Calculate the greatest common divisor of 11 and c.
11
Let r = 172 + -37. Let b = 357 - 110. Let l = b - 193. What is the greatest common divisor of l and r?
27
Let f be (-4)/8 + 3/6. Suppose f = 2*h + 2*g - 114, -2*g + 155 + 67 = 4*h. What is the greatest common factor of 4 and h?
2
Suppose -12*y = -10*y + 78. Let m = 47 + y. Suppose 9*z = m*z + 114. What is the highest common factor of z and 19?
19
Let y = 622 + -310. Suppose -108 = -15*p + y. Calculate the greatest common factor of p and 308.
28
Let c be (-881100)/(-135) - 11/3. Calculate the highest common divisor of 11 and c.
11
Suppose -63*m = -16*m + 5714 - 49471. What is the highest common factor of 57 and m?
19
Suppose 24*a - 5214 = 1866. What is the highest common factor of 4897 and a?
59
Let r = 4 + 7. Suppose -4*i + 8 = 0, -m = -6*m - i + 22. Let p = m - -18. Calculate the highest common factor of r and p.
11
Let f = -36632 - -49164. What is the greatest common divisor of f and 52?
52
Suppose 10*h = -3*k + 6*h + 6871, -2*k - 3*h = -4580. Suppose 16*s = k + 1163. Calculate the highest common factor of 24 and s.
24
Suppose -45*h + 5642 = 27*h + 98. Let m(a) = 9*a**2 + 4*a - 5. Let t be m(-8). Calculate the greatest common divisor of t and h.
77
Suppose 11*l - 15 = 6*l - 5*c, 3*c = -2*l + 5. Suppose 54 = i + 2*k, -l*i = -4*k + 3*k - 252. What is the highest common divisor of 217 and i?
31
Let p(y) = -y**3 + 16*y**2 - 8*y - 36. Let v be p(15). Let t = 76 - v. Calculate the highest common divisor of t and 35.
7
Let o(w) = w**3 + 19*w**2 + 79*w - 9. Let p be o(-11). Calculate the greatest common divisor of p and 90.
90
Suppose 4*n = 0, -3*i + 3*n - 2 = -26. Suppose 2*s + 14 = 4*q, 3*q - 6*s + 2*s = i. Let z be (q - 148/20)*-5. What is the highest common factor of z and 51?
17
Suppose 3*y = -10*c + 11*c - 569, -2773 = -5*c + 3*y. Calculate the highest common factor of c and 319.
29
Suppose -5*n - p + 199 = 0, 5*n - 5*p - 175 = -0*p. Let i = n - 28. Suppose 68*l + 462 = 74*l. Calculate the highest common factor of i and l.
11
Let n(h) = 5*h**3 + 3*h**2 - 7*h + 4. Let k be n(2). Suppose 5*j = -14 + 294. Suppose 0 = -j*y + 57*y - 6. Calculate the highest common divisor of y and k.
6
Let s(b) = -13*b + 1164. Let o be s(72). What is the highest common factor of o and 3116?
76
Let m be -9*(8/(-6))/2. Suppose -16*c = m*c - 1320. What is the greatest common factor of 330 and c?
30
Let h be (3/(-2))/((-3)/468). Let q = -24285 + 24321. What is the greatest common factor of h and q?
18
Suppose -7*z + 8*z - 18749 = -4*t, -z - 4681 = -t. What is the greatest common divisor of t and 198?
66
Let s(g) = -424*g + 105. Let j be s(0). Calculate the greatest common factor of 435 and j.
15
Suppose 12*z - 8*z + 20 = 0, 3*u = 3*z + 24. Suppose 0 = -3*w + h + 168, u*w + 3*h = -57 + 225. What is the greatest common divisor of w and 70?
14
Let y(t) = 9*t + 22. Suppose 0 = -4*v + 7 + 1, -5*d + 4*v + 27 = 0. Let z be y(d). Calcul